*(5/(-3) - 2). Suppose g + 0 = 1. Let k be (-1 + 0)/g*-1. What is the highest common divisor of i and k?
1
Let n = -3 + 12. What is the highest common factor of 72 and n?
9
Let d = -986 + 1470. What is the greatest common factor of 44 and d?
44
Let r = 23 - 13. Let i(f) = -f**2 - 8*f - 4. Let k be i(-7). Let m be (-3)/k - -4 - -2. Calculate the highest common divisor of r and m.
5
Suppose -8*k + 99 = -621. Let v = 8 + 2. Calculate the greatest common divisor of v and k.
10
Let i(b) = -6*b + 32. Let g be i(-18). Calculate the highest common factor of 20 and g.
20
Let c(s) = s**3 + 9*s**2 - 9*s + 12. Let x be c(-10). Calculate the highest common divisor of 14 and x.
2
Let z(t) = -t**3 + 8*t**2 + 9*t - 4. Let m be z(9). Let v be 39/6 + 2/m. Suppose -5*o - o = -252. Calculate the highest common divisor of o and v.
6
Suppose -15 = -5*o + 3*c, -4*o - c = -3*o - 3. Let q be -14*6/(-4)*1. Calculate the greatest common divisor of q and o.
3
Let o = 270 + -130. What is the greatest common factor of o and 20?
20
Suppose 58 = 2*k + 18. Calculate the greatest common factor of k and 180.
20
Let c(h) = 9*h + 3. Let n be c(5). Let d be 1 + 10/(-4)*-2. What is the greatest common factor of n and d?
6
Let w be (-2)/9 - 392/(-63). Suppose 0 = 5*i - 15, 0 = -c + 2*i - w*i + 52. Calculate the greatest common divisor of 8 and c.
8
Suppose -1 = -3*d + 2. Calculate the greatest common factor of 1 and d.
1
Let q be (-3)/(((-12)/(-4))/(-6)). Let d be -1 + 103 + q/2. What is the greatest common divisor of d and 21?
21
Let a(x) = x**3 + 6*x**2 + 2*x - 2. Let b be a(-2). Let o be (-44)/(-20) + (-2)/b. Let i be 52/8 - o/(-4). Calculate the highest common divisor of 14 and i.
7
Let f(x) = -3*x + 1. Let o be f(-1). Suppose -8*w + o*w = -136. Calculate the highest common divisor of 17 and w.
17
Suppose 5*l = -5*i + 295, -2*i = 5*l + 2*i - 296. Let n(c) = -c**3 - 2*c**2 + 4*c - 4. Let t be n(-4). Calculate the highest common factor of t and l.
12
Suppose -4*u = -0*b - b - 65, u - 4*b = 20. Suppose 4*f - 212 = -0*m + 5*m, 2*m = -5*f + 232. What is the highest common factor of u and f?
16
Suppose 0*w + 7*w - 840 = 0. Calculate the highest common divisor of w and 15.
15
Suppose 83 = 5*a + 4*n, 5*n = -a + 6 + 19. Suppose 4*t = t + a. Suppose t*q + 12 = 7*q. Calculate the greatest common factor of 3 and q.
3
Suppose 3*n + 4*g = -13, -5*n - 4*g - 19 = -0*g. Let b be 2/n + 932/12. Calculate the greatest common factor of b and 11.
11
Let r(a) = -a**2 + 4*a + 1. Let i be r(5). Let f be (-11)/i*80/5. Suppose 0 = -2*s + 52 + f. Calculate the highest common factor of s and 6.
6
Suppose 5*g = 15, 4*a - 210 = 5*g + 155. Suppose 3*z + 59 = 2*k - 5, -4*z = 5*k - 206. Calculate the highest common factor of k and a.
19
Let d = 6 + -14. Let g = -5 - d. Suppose 2*q = 6*q - 96. What is the greatest common divisor of g and q?
3
Let j(l) = 6*l**3 - 6*l**3 + 3 - 3*l - l**2 + l**3. Let x be j(2). What is the greatest common factor of x and 3?
1
Let g = -108 - -115. Calculate the greatest common factor of g and 7.
7
Suppose 2*o + 1 = 3*o. What is the greatest common divisor of 4 and o?
1
Let z = 2 - -5. What is the highest common factor of 1 and z?
1
Let z be (-1)/2 - (-49)/(-14). Let b(q) be the first derivative of -q**2 - q + 2. Let j be b(z). What is the highest common factor of 14 and j?
7
Suppose 0 = -0*j + j + 3*p - 228, j - 221 = 4*p. What is the highest common divisor of 9 and j?
9
Let u(c) = 8*c + 4. Let z be u(-6). Let f = -28 - z. Calculate the greatest common divisor of f and 8.
8
Let p(b) = -5*b**2 - 3*b - 1. Let r be p(8). Let q = -180 - r. Let d be (-206)/(-14) - 4/(-14). Calculate the highest common factor of q and d.
15
Let i be 1004/14 - 1*2/(-7). Let s = -1 - -9. Calculate the highest common divisor of i and s.
8
Suppose -4*z + 16 = -2*z. Suppose -4*d = -7*d + 12. Calculate the highest common factor of z and d.
4
Suppose -4*q - 8 = -12*q. Calculate the greatest common divisor of q and 17.
1
Suppose 10 = -5*n, 4*b - n - 96 = -5*n. What is the greatest common divisor of 26 and b?
26
Let b = 10 + 8. Let u(l) be the second derivative of 11*l**3/6 + 5*l**2 + 7*l. Let x be u(4). Calculate the greatest common divisor of x and b.
18
Suppose -4*d + 3*d + 144 = 0. Calculate the greatest common divisor of d and 16.
16
Let r be ((-10)/(-12))/(11/66). Calculate the greatest common divisor of 40 and r.
5
Let m be (-1)/2 + (-62)/(-4). What is the highest common divisor of m and 10?
5
Let d = 37 - 23. Let a be 0 + (1 - -98) + -1. What is the highest common factor of a and d?
14
Suppose -2*o - 2*o = -44. Calculate the greatest common divisor of 11 and o.
11
Let k = -6 - -7. Let m = -6 + 14. Calculate the highest common factor of k and m.
1
Let i be (-4)/(-6)*-1*-3. Suppose 3*t - 156 = -3*s, -i*t = s - 6*t - 42. Suppose -s + 2 = -2*f. Calculate the highest common divisor of 36 and f.
12
Let i(t) = 10*t - 6. Let x be i(-5). Let w = -131 - x. Let g = 120 + w. What is the highest common divisor of 5 and g?
5
Suppose 2*l + 11 = 31. What is the highest common factor of 50 and l?
10
Let o(i) = i**2 + 19*i + 28. Let f be o(-23). Calculate the highest common factor of 80 and f.
40
Let r(w) = w**2 + 4*w + 3. Let h be r(-5). Let g(l) = -l**2 - 5*l + 2. Let b be g(-3). What is the highest common divisor of h and b?
8
Let a(y) = -y**2 + 7*y - 7. Let u be (-28)/(-6) - 1/(-3). Let p be a(u). Calculate the greatest common factor of 12 and p.
3
Let i(v) = -v + 2. Let b be i(4). Let x(y) = -6*y**3 - 2*y**2 - 2. Let k be x(b). What is the highest common factor of k and 95?
19
Let t = -33 + 43. What is the greatest common factor of 5 and t?
5
Let b(o) be the second derivative of -1/6*o**3 + o**2 + 0 + 2*o. Let a be b(-3). Calculate the greatest common divisor of 15 and a.
5
Suppose 10 = 5*w - 0*w. Suppose w*z = -2*z + 64. What is the greatest common divisor of z and 8?
8
Let o be 4/((-3 - 28/(-8))*1). Calculate the highest common divisor of 8 and o.
8
Let c(b) = 3*b + 4. Let q be c(4). Let w(x) = -x + 34. Let y be w(-14). What is the highest common factor of y and q?
16
Let s(n) = n**2 - 5*n - 9. Let v be s(8). Let g(k) = k**3 - k + 30. Let r be g(0). What is the highest common divisor of v and r?
15
Let k(x) = x + 1. Let b be k(-6). Let g = b + 13. Calculate the greatest common factor of g and 40.
8
Let v = 0 + -2. Let i be 3/((-6)/v) - -5. Calculate the greatest common divisor of i and 4.
2
Suppose -18*u + u + 340 = 0. Let r be 2/7 - 108/(-14). Calculate the highest common factor of r and u.
4
Let s be 2/9 + 2/(-9). Let k(m) = 11*m + 128. Let c(p) = 7*p + 85. Let l(w) = 8*c(w) - 5*k(w). Let n be l(s). What is the greatest common factor of n and 16?
8
Suppose -34 = -4*b + z, 3*b = 8*b - z - 42. What is the highest common divisor of b and 8?
8
Let p = 112 + -48. What is the greatest common divisor of p and 8?
8
Let w be (-4)/(-3)*57/2. What is the highest common factor of 266 and w?
38
Let n(b) = 6*b - 2. Let o be n(5). Suppose i - 99 = 3*j, -2*i - 3*j + 237 = i. What is the highest common factor of o and i?
28
Let p(f) = -f - 5. Let x be p(-8). Suppose 3*q = -5*t + 24 + 17, -2*t + x*q + 29 = 0. What is the highest common divisor of t and 90?
10
Suppose -4*k + 16 = 3*x, 5 = k - x + 1. Suppose 3*i + 15 = 2*j, 0 + 3 = -3*i. Calculate the greatest common factor of k and j.
2
Let t = 37 + -34. Let f(k) = -2*k**3 + k**2 - 3*k - 2. Let w be f(-2). Calculate the highest common factor of t and w.
3
Suppose 4*v + 5 = -11. Let j(b) = b**3 + 5*b**2 + 2*b + 7. Let s be j(v). What is the greatest common divisor of 45 and s?
15
Suppose 6*m + 292 = 4*k + 4*m, 4*m - 304 = -4*k. What is the highest common factor of 37 and k?
37
Suppose -3*t + 118 = -8. Let s be (-1)/(-1 + (-186)/(-189)). Calculate the greatest common divisor of s and t.
21
Let b be 1326/24 - (-9)/12. Calculate the greatest common factor of 7 and b.
7
Let y be 2/(-8) - 6825/(-20). Calculate the greatest common factor of 31 and y.
31
Let n(d) = d**2 + 10*d - 2. Let c be n(-12). Suppose -13 + 5 = 2*m. Let z = m + c. Calculate the greatest common divisor of z and 162.
18
Let p(h) = 10*h - 8. Let m be p(8). What is the greatest common factor of m and 8?
8
Suppose 2*g = 8, -4*b + 28 = -2*g - 24. Suppose 0 = -0*p + p - 3. Calculate the greatest common factor of b and p.
3